st common factor of 89751179 and 311.
311
Calculate the highest common divisor of 138 and 14278239.
69
Calculate the highest common divisor of 213 and 700131.
213
Calculate the greatest common divisor of 3250 and 39318370.
130
Calculate the greatest common divisor of 229340178 and 9918.
522
What is the highest common factor of 1040 and 96628480?
1040
Calculate the highest common divisor of 65977 and 10693.
17
Calculate the greatest common divisor of 7118508 and 60.
12
Calculate the greatest common divisor of 194804 and 682.
62
Calculate the greatest common factor of 440 and 5179328.
88
What is the highest common factor of 1048 and 97978044?
524
What is the highest common factor of 1790 and 362970?
10
Calculate the greatest common factor of 216 and 1523472.
24
Calculate the highest common divisor of 24765 and 47197137.
4953
Calculate the greatest common divisor of 354941724 and 5430.
1086
Calculate the greatest common factor of 161 and 7005409.
23
What is the greatest common divisor of 1976844 and 319218?
3846
Calculate the highest common divisor of 312828322 and 68.
34
What is the highest common divisor of 1140 and 417810?
570
What is the greatest common factor of 61747470 and 54?
18
What is the greatest common divisor of 191074800 and 4830?
4830
Calculate the highest common factor of 245760 and 13215.
15
What is the highest common factor of 173 and 52371079?
173
What is the greatest common factor of 4590 and 504792?
54
What is the greatest common divisor of 14306260 and 80?
20
Calculate the highest common divisor of 827659 and 2217547.
2413
What is the greatest common factor of 590366136 and 3408?
1704
What is the greatest common factor of 1 and 544927?
1
Calculate the highest common divisor of 1176395 and 355145.
365
Calculate the highest common divisor of 251577 and 576.
9
Calculate the greatest common divisor of 2012 and 1669817148.
2012
Calculate the highest common divisor of 223422693 and 78.
39
What is the highest common divisor of 9479608 and 40525?
1621
What is the greatest common factor of 3570048 and 640?
128
What is the highest common factor of 550 and 162425450?
550
Calculate the greatest common divisor of 643986 and 151506.
342
What is the highest common divisor of 15320 and 28382215?
1915
Calculate the greatest common divisor of 7668 and 275292.
108
Calculate the greatest common factor of 1493481 and 21543.
501
What is the highest common divisor of 54 and 7688052?
18
What is the greatest common divisor of 224120 and 1160?
40
What is the greatest common factor of 4645 and 595?
5
What is the greatest common divisor of 41348672 and 1?
1
Calculate the greatest common factor of 48 and 15519600.
48
What is the highest common divisor of 44073710 and 602?
86
What is the highest common factor of 1937432 and 224?
56
Calculate the greatest common factor of 4579 and 5704199.
19
Calculate the highest common factor of 16542240 and 990.
330
Calculate the greatest common divisor of 430120 and 56360.
40
What is the highest common factor of 31662 and 139758?
6
What is the greatest common factor of 4491 and 31698?
9
Calculate the greatest common factor of 132141 and 9571.
17
Calculate the greatest common factor of 412 and 17262182.
206
What is the greatest common divisor of 6803146 and 32606?
1918
Calculate the highest common divisor of 43080 and 6360.
120
Calculate the highest common factor of 143 and 797742517.
143
Calculate the highest common factor of 3932242 and 1614.
538
Calculate the highest common factor of 70700 and 44100.
700
What is the highest common factor of 7188760 and 3260?
20
What is the highest common factor of 27375 and 1693600?
1825
Calculate the highest common divisor of 2205 and 146242950.
735
What is the highest common factor of 208201147 and 1617?
539
What is the highest common divisor of 204605 and 313325?
755
What is the highest common divisor of 12 and 1383708?
12
Calculate the greatest common factor of 4466 and 7345745.
11
What is the highest common factor of 286 and 48392201?
143
Calculate the greatest common factor of 3272884 and 372563.
443
What is the highest common factor of 156244 and 1969?
11
What is the highest common divisor of 273 and 10538073?
273
What is the highest common divisor of 213428 and 3383704?
916
Calculate the highest common factor of 117732198 and 582.
582
What is the highest common divisor of 22128095 and 11?
11
Calculate the greatest common factor of 9614 and 288002.
418
Calculate the greatest common factor of 12 and 8662134.
6
What is the highest common factor of 2250 and 1474596?
18
Calculate the greatest common factor of 972 and 647196.
12
What is the greatest common divisor of 295 and 693788965?
295
What is the highest common factor of 9896 and 35470975?
1237
Calculate the highest common factor of 1365 and 17926335.
105
Calculate the greatest common divisor of 105662 and 8234.
46
Calculate the greatest common factor of 163932301 and 13.
13
Calculate the highest common factor of 34565106 and 1791.
597
Calculate the greatest common factor of 10584 and 18119304.
504
Calculate the greatest common factor of 2156 and 152694388.
2156
What is the greatest common factor of 1925 and 9540146?
77
Calculate the highest common divisor of 19805776 and 4672.
1168
Calculate the highest common divisor of 1822155064 and 3728.
1864
What is the greatest common factor of 759467765 and 2065?
2065
Calculate the greatest common factor of 5324550 and 450.
150
Calculate the highest common divisor of 77622 and 1755627.
2283
What is the highest common divisor of 79689492 and 6192?
1548
Calculate the highest common divisor of 580354 and 11566210.
8174
Calculate the highest common factor of 180774 and 878097.
363
Calculate the highest common divisor of 3084179 and 6699.
203
Calculate the greatest common factor of 77760 and 34880.
320
What is the highest common divisor of 2866383 and 27378?
117
What is the highest common divisor of 10341122 and 2024?
506
What is the greatest common factor of 56559303 and 36?
9
What is the highest common factor of 6708258 and 570524?
9202
What is the greatest common divisor of 689 and 900682?
53
What is the highest common factor of 56 and 28919408?
56
What is the highest common divisor of 11676 and 55636?
28
Calculate the greatest common factor of 8987274 and 556683.
5739
Calculate the greatest common divisor of 904261075 and 25.
25
Calculate the highest common divisor of 329316 and 1950.
78
Calculate the greatest common factor of 995985 and 63.
9
Calculate the greatest common factor of 2745800 and 200.
200
Calculate the greatest common factor of 13991 and 428757.
17
Calculate the greatest common factor of 1928704 and 3680.
32
Calculate the greatest common divisor of 42739 and 1264.
79
Calculate the highest common divisor of 144 and 11337048.
72
Calculate the greatest common divisor of 299 and 100411169.
23
What is the highest common divisor of 52529145 and 5710?
2855
What is the highest common divisor of 14040628 and 133?
7
What is the greatest common factor of 956 and 3423436?
956
What is the highest common factor of 9362470 and 485?
5
Calculate the greatest common divisor of 263802 and 24234.
42
Calculate the greatest common factor of 16019832 and 9048.
696
What is the highest common factor of 2741780 and 20?
20
Calculate the greatest common divisor of 2215 and 80345.
5
What is the highest common divisor of 3100752 and 610?
122
Calculate the highest common divisor of 460096 and 395948.
2212
Calculate the highest common divisor of 409772 and 72226.
1474
What is the greatest common factor of 114686182 and 884?
442
Calculate the highest common divisor of 122511 and 311119.
421
Calculate the highest common factor of 8134 and 56109494.
1162
Calculate the highest common divisor of 466326 and 182.
14
What is the greatest common factor of 448946 and 2?
2
Calculate the greatest common divisor of 55750 and 15166230.
2230
What is the highest common factor of 270610 and 4375?
5
What is the greatest common factor of 72 and 1910673?
9
What is the highest common divisor of 8983116 and 3888?
108
Calculate the highest common factor of 62220347 and 490.
49
Calculate the highest common factor of 40 and 282107800.
40
Calculate the greatest common divisor of 44258336 and 60286.
1402
What is the greates